 58, -39 = -2*j - 9*h + 10*h. Let a be (-64)/(-12) + 1/(-3). What is the greatest common factor of j and a?
5
Let v = 422 - 388. Suppose 0 = -4*b + 4*x + 348, -35*x - 360 = -4*b - v*x. Calculate the greatest common factor of b and 7.
7
Let g = 216 - -72. Suppose -35 + 98 = 7*t. What is the highest common divisor of t and g?
9
Let t = 25059 + -20671. What is the highest common divisor of t and 4?
4
Let w = -28 + 35. Let i be (-8 + w)*163*-1. Let u be (-4)/(i/(-54) - (-6)/2). Calculate the greatest common divisor of u and 27.
27
Let d be (-1773)/(-1) - (7/(-14) - (-343)/98). What is the highest common factor of 690 and d?
30
Let o(s) = -s**3 - 14*s**2 + 30*s + 291. Let w be o(-15). What is the greatest common factor of w and 15?
3
Suppose 0 = -2*j - 15 - 115. Let r = 346 - 351. Let s be 2/r + (-1781)/j. Calculate the greatest common divisor of s and 9.
9
Let q be ((-546)/(-26)*(-152)/(-28))/(6/75). What is the greatest common factor of q and 171?
57
Let v = 2518 - 648. What is the highest common factor of v and 11?
11
Suppose 0 = -4*t - 4*v + 560, t - 207*v + 201*v - 112 = 0. Suppose 0*z + 300 = 4*z + 4*l, 4*z = -l + 291. Calculate the highest common factor of z and t.
8
Let m = -23473 - -26213. Calculate the highest common divisor of 30 and m.
10
Let u be 0/1 + (-6 - 5) + 51. Let j(f) = -f**3 + 4*f**2 + 6*f + 5. Let r be j(5). Let v = r - 0. Calculate the greatest common divisor of v and u.
10
Let o(d) = 2*d**2 + 29*d - 85. Let f(i) = -i**3 + 42*i**2 + 5*i - 232. Let g be f(42). Let q be o(g). What is the greatest common factor of q and 5?
5
Suppose 5*i - 5*j = 90, 0 = 4*i - i + 3*j - 66. Let m be (14 - 19) + (-1 - (1 + -27)). What is the highest common factor of m and i?
20
Let n be (-127)/((-6096)/480) + (-370)/(-2). Let d be (263/3 + -1)*3. What is the greatest common divisor of d and n?
65
Suppose -44*u = -40*u - 24. Suppose -f - 6*c + 12 = -3*c, -4*f - 5*c = -83. What is the greatest common factor of u and f?
3
Suppose -6*l - 5*u = -39925, -10283 = -3*l + 5*u + 9732. Calculate the greatest common factor of l and 540.
180
Let x(p) = -5978*p - 3373. Let j be x(-10). Calculate the highest common factor of j and 13.
13
Suppose -3*j + 117 = 3*v, -3*v - 5*j + 58 + 57 = 0. Suppose v = -3*a + 5*a. Suppose -4*m = -9*m + a. Calculate the highest common factor of m and 1.
1
Suppose 3293 = -2849*j + 2906*j - 4117. Suppose 3*b - 24 = 54. Calculate the highest common factor of b and j.
26
Suppose 5*f - 3*y = 1090, -2*f = -f - 5*y - 218. Let s = -217 + f. Let j be (-1 - -4) + 0 + -2. What is the greatest common factor of j and s?
1
Suppose 2*t + 76 = 2*p, t + 13 = 11. Let o = 110 + -54. Let v = o + -8. Calculate the greatest common divisor of p and v.
12
Let r = -80 + 241. Let w = -159846 + 159938. Calculate the greatest common divisor of r and w.
23
Suppose z + 11*z - 180 = 0. Suppose -z*x = -17*x + 58. Calculate the greatest common factor of 87 and x.
29
Suppose -672 - 1968 = -16*b. Suppose -49*f + 44*f = -b. What is the greatest common factor of f and 11?
11
Let k be (-1 - -3)/((-2)/(-2)). Suppose 3*h - 95 = -k*h. Suppose -4*m - 5*f + h = 0, -2*f + 3*f = -5. What is the greatest common factor of 99 and m?
11
Let u(v) = -1272*v - 9549. Let t be u(-8). What is the highest common factor of t and 3021?
57
Suppose -8*p + 77 = -1483. Let f = -15 + p. What is the highest common factor of 20 and f?
20
Suppose -180*b - 79 = -181*b + 5*i, 2*b + 2*i = 74. Calculate the highest common factor of 972 and b.
4
Let d be (-54)/6*10/(-30). Suppose 0 = 5*h - 3*h. Suppose -4*a + 12 = h, -d*m + 3*a - a = -15. Calculate the greatest common divisor of 21 and m.
7
Suppose 2*t - 2*x + 1158 = 0, -5*t + 17*x - 14*x - 2885 = 0. Let h be -1 - (-9)/15 - t/35. What is the highest common factor of 24 and h?
8
Suppose -8 = -4*k + 4. Let q(i) = i**2 - 2*i + 7. Let x be q(k). Suppose x*j = 2*j + 240. Calculate the greatest common divisor of j and 240.
30
Let m = 4348 + -4009. Calculate the highest common divisor of m and 21.
3
Suppose 0 = 27*y - 55*y + 84. Suppose y*d - 410 - 1799 = 5*s, -5 = -5*s. What is the greatest common factor of d and 82?
82
Let j(p) be the first derivative of p**4/4 - 3*p**3 + 8*p**2 + 8*p - 1. Let y = 578 - 571. Let m be j(y). What is the greatest common factor of 198 and m?
22
Suppose 1691 = 3*s + 5*u, -9*u + 12*u = 4*s - 2303. What is the highest common factor of s and 506?
22
Let q(n) = -n**2 + 0*n**2 - 2 - 2*n**3 - 6*n + 3*n**3. Let t be q(3). Let v be t/9*(-45)/10. Calculate the greatest common factor of 7 and v.
1
Suppose -u - 3*a = -489, 3*u - 6*a + a - 1411 = 0. Let j = -454 + u. What is the highest common divisor of j and 368?
23
Let b(o) = -12*o**2 - 5*o - 21. Let h be b(-4). Let p = -192 - h. Calculate the highest common divisor of 1 and p.
1
Let q(u) = 5*u**2 - 4*u + 7 + 11*u - 3 + 6*u**2. Let x be q(-4). Let y(k) = k**2 - k - 11. Let b be y(6). Calculate the greatest common factor of b and x.
19
Let j be ((-5)/4)/((-460)/21344). Calculate the greatest common divisor of j and 104.
2
Let d(r) = 199*r + 1207. Let k be d(-6). Calculate the highest common divisor of k and 2691.
13
Let p = 5785 - 3598. Calculate the highest common divisor of 99 and p.
9
Let x(h) = h**3 - 8*h**2 - 18*h - 20. Let z be x(10). Suppose -5*r - 4*j + 1398 = -j, z = j - 1. What is the greatest common factor of 9 and r?
9
Suppose -5*g + 6*g + 1 = 0, -5*x + g = -21. Suppose x*r - 17 = -3*j - 1, r = 2*j - 7. Calculate the greatest common factor of 108 and j.
4
Suppose 0 = -3*k + 4*p - 367, -k + 6*k + 620 = 5*p. Let m = -108 - k. Calculate the highest common factor of 84 and m.
21
Let g be (4/2 + -3)*-45. Let k = g - -7. Let a(x) = -97*x + 207. Let b be a(2). What is the highest common factor of b and k?
13
Let q(d) = d**3 - 28*d**2 - 67*d + 42. Let p be q(31). Suppose 0 = -5*a + p + 1112. What is the greatest common factor of 8 and a?
8
Let i(u) = 3*u**2 + 15*u + 18. Let s(l) = 16*l - 139. Let g be s(8). Let j be i(g). Calculate the greatest common divisor of j and 360.
72
Suppose -31*a + 152415 = -43288. Calculate the highest common divisor of a and 118.
59
Let f = 14980 + -14967. Calculate the greatest common factor of 2977 and f.
13
Suppose 4*x = 2*x - 3*r + 819, 5*x - 4*r - 2036 = 0. Calculate the greatest common divisor of x and 1122.
102
Let t = 181 + -173. Suppose t*i - 48 = 6*i. What is the highest common divisor of i and 60?
12
Let z(c) = -145*c + 2807. Let o be z(-65). What is the highest common divisor of 88 and o?
88
Suppose 92*w - 3*c + 10 = 87*w, 24 = -w + 5*c. Calculate the highest common factor of 761 and w.
1
Suppose -2*y = 5*p - 154 - 956, -5*y = -5*p + 1075. What is the greatest common divisor of 140 and p?
20
Let y be (-34)/4*3*-2. Let r be (-496)/(-155) - 1/5. Suppose b + 97 = r*v, -12*b - 146 = -4*v - 14*b. Calculate the highest common divisor of y and v.
17
Suppose o - 14 = -3. Let w = 62 + -19. Suppose -44*j + 121 = -w*j. What is the highest common divisor of j and o?
11
Let y = 256 - 253. Suppose 0 = -w - 2*p + 5, -5*w + 2*p + 4 = -y*w. What is the highest common factor of 30 and w?
3
Let m = -10534 - -10626. What is the greatest common factor of 2162 and m?
46
Let x(c) = -c**3 + 5*c**2 + 6*c. Let u be 3/(6/2)*37. Let p = 42 - u. Let n be x(p). What is the highest common divisor of n and 120?
30
Let y(n) = 7*n**2 - 50*n - 292. Let l be y(28). Calculate the greatest common factor of l and 52.
52
Suppose 5*w - 306 = -w. Let y be (-442)/52*(-25 + 3). What is the highest common factor of w and y?
17
Let s(f) = -33*f. Let g be s(-3). Suppose -4*h - 24 = -10*h. Suppose a - 5*t = -2*t + 5, h*t - 63 = -5*a. Calculate the greatest common divisor of a and g.
11
Suppose 0 = -5*j + 2*n + 7001, -3*n = -3*j - j + 5605. Suppose -409 + j = 55*u. What is the greatest common factor of 558 and u?
18
Suppose 4 - 10 = -2*n. Let h(b) = 3*b**2 - 5*b + 2. Let j be h(n). Let f be ((-216)/56 - -3)*(-392)/12. What is the greatest common factor of f and j?
14
Let y be (-1 + 0)*(6 - (-34)/(-2)). Let f = 346 + -324. Calculate the highest common factor of f and y.
11
Let k be (-3)/(-5) - 9/15. Suppose -3*q - 8*q + 462 = k. Calculate the highest common divisor of q and 42.
42
Suppose 3*d - 89 = -l, -2*l + l + 94 = -2*d. Suppose 44*p = -4*y + 42*p + 196, 5*p = 5*y - 200. What is the 